(base 7) to base 10
-1909
101411 (base 5) to base 8
6434
What is 6481 (base 12) in base 14?
4049
Convert 14100 (base 6) to base 16.
894
What is -11666 (base 9) in base 10?
-7836
What is 170770 (base 8) in base 13?
2226c
32143 (base 5) to base 7
6223
Convert 119e (base 15) to base 13.
1925
202332 (base 7) to base 16
86a6
What is 1467 (base 14) in base 7?
13360
Convert -644a (base 14) to base 8.
-41642
What is 1152 (base 9) in base 5?
11412
-212230 (base 4) to base 16
-9ac
What is -231332 (base 4) in base 13?
-1454
What is 40a (base 12) in base 7?
1465
What is -11110111 (base 3) in base 2?
-110010110101
Convert -13608 (base 11) to base 9.
-28510
What is 513335 (base 6) in base 2?
1001111111111011
Convert 411243 (base 6) to base 14.
bccb
Convert 27595 (base 10) to base 13.
c739
Convert b3 (base 15) to base 2.
10101000
Convert -26058 (base 9) to base 6.
-213125
What is -53550 (base 8) in base 13?
-a253
-1010001000000 (base 2) to base 8
-12100
Convert 5b0 (base 12) to base 8.
1524
1631 (base 7) to base 4
22103
-33444 (base 5) to base 14
-c18
Convert 115261 (base 7) to base 9.
31804
Convert 3643 (base 8) to base 11.
1518
What is a69 (base 16) in base 4?
221221
-1010000101110 (base 2) to base 7
-21030
What is -215 (base 11) in base 8?
-402
44c (base 15) to base 16
3cc
1402 (base 6) to base 11
2aa
What is 7444 (base 12) in base 13?
5a3a
What is -30101 (base 5) in base 6?
-12445
3199 (base 11) to base 7
15211
What is -1121 (base 7) in base 4?
-12113
Convert -163335 (base 7) to base 12.
-16913
Convert 2487 (base 12) to base 7.
15025
What is 411 (base 5) in base 13?
82
What is -253303 (base 6) in base 14?
-843d
-30001323 (base 4) to base 15
-e900
1344 (base 8) to base 13
44c
Convert -16483 (base 11) to base 10.
-23202
-2622 (base 8) to base 5
-21201
12 (base 9) to base 6
15
What is 1bb3 (base 12) in base 14?
1383
Convert -173d (base 14) to base 3.
-12201111
-33a8 (base 11) to base 12
-270a
-3034 (base 7) to base 9
-1401
What is 11202 (base 4) in base 2?
101100010
What is -3b10 (base 12) in base 14?
-2684
11116 (base 7) to base 14
1046
What is 6345 (base 16) in base 3?
1021212020
3001 (base 4) to base 16
c1
What is 22113322 (base 4) in base 12?
2070a
-214605 (base 7) to base 11
-26350
-3312 (base 5) to base 9
-557
What is -30716 (base 9) in base 13?
-92bb
Convert -43002 (base 5) to base 8.
-5475
Convert -1675 (base 8) to base 14.
-4c5
Convert 300 (base 4) to base 3.
1210
What is -186 (base 10) in base 2?
-10111010
22e (base 15) to base 10
494
111342 (base 5) to base 6
30220
Convert 10561 (base 9) to base 13.
3271
31871 (base 9) to base 7
115405
21576 (base 9) to base 12
8359
Convert 122510 (base 6) to base 7.
44013
What is 230200 (base 4) in base 8?
5440
What is -147005 (base 8) in base 11?
-36697
What is -1574 (base 14) in base 9?
-5221
8c43 (base 16) to base 8
106103
-2812 (base 10) to base 12
-1764
Convert 1111011001111 (base 2) to base 14.
2c35
Convert -1452 (base 10) to base 13.
-879
-3156 (base 7) to base 13
-681
-36cd (base 14) to base 16
-2575
Convert 211003 (base 6) to base 9.
25363
Convert -1482 (base 12) to base 11.
-1894
-31440 (base 5) to base 6
-13452
What is 16021 (base 10) in base 13?
73a5
What is -1012122010 (base 3) in base 7?
-126234
What is 10874 (base 9) in base 8?
16154
-ba6 (base 16) to base 8
-5646
2b6 (base 14) to base 4
20220
Convert 4124 (base 5) to base 7.
1400
What is 957 (base 15) in base 13?
c61
1851 (base 13) to base 8
7037
What is 23a25 (base 13) in base 10?
65434
-2c37 (base 13) to base 8
-14504
-4695 (base 11) to base 15
-1c54
Convert 3545 (base 7) to base 15.
5c2
What is -11253 (base 8) in base 3?
-20120000
Convert -1104 (base 7) to base 14.
-204
Convert -403 (base 5) to base 14.
-75
-101010101 (base 3) to base 4
-1303111
Convert -3b8 (base 14) to base 11.
-622
What is b69 (base 16) in base 11?
2216
5102 (base 9) to base 4
322100
-355a (base 15) to base 14
-41b9
What is 10001011101 (base 2) in base 4?
101131
What is f1 (base 16) in base 2?
11110001
What is -1dd (base 14) in base 4?
-12013
-1101001010 (base 2) to base 13
-4ca
What is -13214 (base 6) in base 5?
-31101
Convert 12402 (base 6) to base 7.
5315
10010001100011110 (base 2) to base 16
1231e
What is 13211 (base 6) in base 10?
2023
Convert -3181 (base 9) to base 10.
-2341
Convert 423 (base 10) to base 4.
12213
Convert -333010 (base 4) to base 11.
-303a
542 (base 12) to base 4
30002
What is 3112130 (base 4) in base 6?
143312
Convert -3095 (base 11) to base 5.
-112342
Convert 215126 (base 7) to base 14.
dabd
What is 248 (base 12) in base 16?
158
What is 114 (base 5) in base 3?
1021
Convert 6021 (base 12) to base 13.
4966
Convert 3703 (base 8) to base 10.
1987
What is 19856 (base 11) in base 8?
66001
What is -230353 (base 6) in base 12?
-b3b9
-427c (base 15) to base 16
-36f3
What is -1282 (base 10) in base 9?
-1674
-1104 (base 11) to base 8
-2660
7277 (base 12) to base 8
30273
Convert 10c79 (base 15) to base 3.
2201022020
-3d71 (base 14) to base 16
-2a7f
What is 1124 (base 5) in base 2?
10100100
What is -3414 (base 5) in base 4?
-13210
Convert 28b (base 16) to base 13.
3b1
1000001101 (base 2) to base 7
1350
Convert -251 (base 9) to base 2.
-11010000
-21213 (base 4) to base 6
-2503
-312410 (base 5) to base 11
-7864
-21319 (base 12) to base 14
-11ca1
Convert 71 (base 13) to base 16.
5c
What is 1000001101101 (base 2) in base 9?
5682
Convert 101100011001 (base 2) to base 7.
11166
-1022331 (base 4) to base 7
-16662
What is 423424 (base 5) in base 6?
145531
Convert 354 (base 13) to base 6.
2400
54140 (base 7) to base 16
348e
Convert 3600 (base 10) to base 2.
111000010000
8326 (base 10) to base 14
306a
Convert -2cd (base 14) to base 5.
-4243
Convert -553 (base 10) to base 12.
-3a1
22d0 (base 15) to base 2
1110011100011
What is 34103 (base 5) in base 9?
3260
-3561 (base 8) to base 2
-11101110001
c44f (base 16) to base 8
142117
Convert 289a (base 15) to base 12.
5047
Convert 22105 (base 6) to base 12.
1935
What is 101010011111 (base 2) in base 8?
5237
Convert 11101100 (base 2) to base 16.
ec
Convert 5c5 (base 15) to base 4.
110132
Convert -2223 (base 15) to base 13.
-33a5
22a (base 14) to base 15
1da
What is 1972 (base 10) in base 3?
2201001
376 (base 12) to base 16
20a
Convert 1b98 (base 12) to base 9.
4628
What is 100221 (base 4) in base 9?
1413
-2872a (base 11) to base 13
-15762
Convert -1121113 (base 4) to base 14.
-2127
What is 1953 (base 10) in base 14?
9d7
-24049 (base 10) to base 4
-11313301
53041 (base 7) to base 14
4a91
24423 (base 5) to base 7
5301
Convert 86aa (base 12) to base 5.
433233
What is -10b7 (base 12) in base 6?
-12351
Convert 720 (base 12) to base 11.
859
What is 43771 (base 9) in base 8?
70606
What is 42a (base 12) in base 6?
2454
Convert -979 (base 15) to base 6.
-13523
Convert 2062 (base 7) to base 13.
442
What is -26875 (base 13) in base 10?
-71752
Convert -16390 (base 14) to base 16.
-d92a
99 (base 10) to base 8
143
Convert 1000010101 (base 2) to base 7.
1361
Convert 1712 (base 11) to base 7.
6250
Convert -1011110 (base 2) to base 14.
-6a
Convert -4 (base 11) to base 10.
-4
What is 251 (base 11) in base 4?
10222
42420 (base 7) to base 5
314000
What is -44454 (base 10) in base 14?
-122b4
What is -2a3 (base 13) in base 11?
-399
11010010011 (base 2) to base 3
2022100
3310 (base 9) to base 11
1918
-25656 (base 10) to base 5
-1310111
-433 (base 12) to base 5
-4430
What is -1bfa (base 16) in base 15?
-21c7
121476 (base 8) to base 9
63283
-315a (base 11) to base 12
-2503
2002122 (base 3) to base 8
2771
What is -d30 (base 15) in base 4?
-232122
Convert -216 (base 14) to base 5.
-3122
Convert 363 (base 11) to base 14.
22c
What is 8636 (base 10) in base 6?
103552
Convert -2012022 (base 3) to base 10.
-1601
Convert 100011110 (base 2) to base 16.
11e
398 (base 15) to base 7
2246
What is f73 (base 16) in base 10?
3955
Convert 1000101110100001 (base 2) to base 7.
206133
Convert 1728 (base 13) to base 6.
23450
Convert -5342 (base 14) to base 7.
-56612
-113b (base 15) to base 3
-12000102
Convert 22222102 (base 3) to base 10.
6545
Convert 9c (base 13) to base 8.
201
Convert 185c (base 16) to base 11.
475a
Convert 18420 (base 9) to base 2.
11000110111111
What is -42241 (base 7) in base 8?
-24261
What is 23352 (base 8) in base 13?
46c4
Convert 35432 (base 8) to b